{"id":66,"date":"2023-12-01T12:44:32","date_gmt":"2023-12-01T12:44:32","guid":{"rendered":"https:\/\/japanologija.ffzg.unizg.hr\/?page_id=66"},"modified":"2023-12-01T12:45:21","modified_gmt":"2023-12-01T12:45:21","slug":"uvjeti-upisa","status":"publish","type":"page","link":"https:\/\/japanologija.ffzg.unizg.hr\/index.php\/redovni-studij\/uvjeti-upisa\/","title":{"rendered":"Uvjeti za upis"},"content":{"rendered":"<p>Uvjeti upisa su sukladni kriterijima za upis na ve\u0107inu studijskih programa Filozofskog fakulteta u Zagrebu:<\/p>\n<ol>\n<li>prosjek svih ocjena iz srednje \u0161kole (30%)<\/li>\n<li>obvezni dio dr\u017eavne mature:\n<ol>\n<li>Hrvatski jezik, razina A (30%)<\/li>\n<li>Matematika, razina B (8%)<\/li>\n<li>Strani jezik, razina A (22%)<\/li>\n<li>Izborni dio dr\u017eavne mature (5%)<\/li>\n<li>Rezultati dr\u017eavnog natjecanja \u2013 plasman od 1. do 3. mjesta (izravan upis)<\/li>\n<li>Kategorija sporta\u0161a od I-II (2%)<\/li>\n<li>Druga postignu\u0107a (2%)<\/li>\n<\/ol>\n<\/li>\n<\/ol>\n","protected":false},"excerpt":{"rendered":"<p>Uvjeti upisa su sukladni kriterijima za upis na ve\u0107inu studijskih programa Filozofskog fakulteta u Zagrebu: prosjek svih ocjena iz srednje \u0161kole (30%) obvezni dio dr\u017eavne mature: Hrvatski jezik, razina A (30%) Matematika, razina B (8%) Strani jezik, razina A (22%) Izborni dio dr\u017eavne mature (5%) Rezultati dr\u017eavnog natjecanja \u2013 plasman od 1. do 3. mjesta [&hellip;]<\/p>\n","protected":false},"author":3,"featured_media":0,"parent":62,"menu_order":1,"comment_status":"closed","ping_status":"closed","template":"","meta":{"footnotes":""},"class_list":["post-66","page","type-page","status-publish","hentry"],"_links":{"self":[{"href":"https:\/\/japanologija.ffzg.unizg.hr\/index.php\/wp-json\/wp\/v2\/pages\/66","targetHints":{"allow":["GET"]}}],"collection":[{"href":"https:\/\/japanologija.ffzg.unizg.hr\/index.php\/wp-json\/wp\/v2\/pages"}],"about":[{"href":"https:\/\/japanologija.ffzg.unizg.hr\/index.php\/wp-json\/wp\/v2\/types\/page"}],"author":[{"embeddable":true,"href":"https:\/\/japanologija.ffzg.unizg.hr\/index.php\/wp-json\/wp\/v2\/users\/3"}],"replies":[{"embeddable":true,"href":"https:\/\/japanologija.ffzg.unizg.hr\/index.php\/wp-json\/wp\/v2\/comments?post=66"}],"version-history":[{"count":2,"href":"https:\/\/japanologija.ffzg.unizg.hr\/index.php\/wp-json\/wp\/v2\/pages\/66\/revisions"}],"predecessor-version":[{"id":68,"href":"https:\/\/japanologija.ffzg.unizg.hr\/index.php\/wp-json\/wp\/v2\/pages\/66\/revisions\/68"}],"up":[{"embeddable":true,"href":"https:\/\/japanologija.ffzg.unizg.hr\/index.php\/wp-json\/wp\/v2\/pages\/62"}],"wp:attachment":[{"href":"https:\/\/japanologija.ffzg.unizg.hr\/index.php\/wp-json\/wp\/v2\/media?parent=66"}],"curies":[{"name":"wp","href":"https:\/\/api.w.org\/{rel}","templated":true}]}}