{"id":205,"date":"2024-01-23T12:00:44","date_gmt":"2024-01-23T12:00:44","guid":{"rendered":"https:\/\/japanologija.ffzg.unizg.hr\/?page_id=205"},"modified":"2024-07-16T09:34:55","modified_gmt":"2024-07-16T09:34:55","slug":"dr-sc-iva-lakic-parac","status":"publish","type":"page","link":"https:\/\/japanologija.ffzg.unizg.hr\/index.php\/nastavnici\/dr-sc-iva-lakic-parac\/","title":{"rendered":"Doc. dr. sc Iva Laki\u0107 Para\u0107"},"content":{"rendered":"\n<p>Iva Laki\u0107 Para\u0107 ro\u0111ena je u Zadru, gdje je zavr\u0161ila osnovnu\u00a0 \u0161kolu i gimnaziju op\u0107eg smjera. Diplomirala je japanski jezik i kulturu 2003. godine na Odsjeku za dalekoisto\u010dne jezike i kulture Sveu\u010dili\u0161ta Ca\u2019 Foscari u Veneciji.<\/p>\n\n\n\n<p>Nakon diplome, kao stipendistica MEXT programa japanske vlade, odlazi na dvogodi\u0161nje studijsko usavr\u0161avanje na Sveu\u010dili\u0161ta Geidai u Tokyu. Poslijediplomski znanstveni magisterij iz podru\u010dja japanologije zavr\u0161ila je 2008. godine na Sveu\u010dili\u0161tu Tsukuba. Nakon pet godina \u017eivota u Japanu 2008. godine se vra\u0107a u Hrvatsku i zapo\u0161ljava na Katedri za japanologiju Filozofskog fakulteta u Zagrebu, prvo u suradni\u010dkom zvanju asistenta, 2017. godine u zvanju vi\u0161eg asistenta a od 2022. godine u znanstveno-nastavnom je zvanju docenta.<\/p>\n\n\n\n<p>Doktorat iz podru\u010dja etnologije i kulturne antropologije obranila je 2017. godine na Filozofskom fakultetu u Zagrebu s temom &#8220;Pro\u017eimanje japanskih religijskih tradicija na primjeru boddhisattve Jizoa&#8221; .<\/p>\n\n\n\n<p>U vi\u0161e je navrata sudjelovala u edukacijama za nastavnike japanskog jezika u organizaciji Japanske fondacije te objavila vi\u0161e znanstvenih i stru\u010dnih radova. &nbsp;Podru\u010dja znanstvenog interesa su joj japanska religioznost, knji\u017eevnost i recepcija japanske kulture u Hrvatskoj. <\/p>\n\n\n\n<p>Urednica je prvog hrvatskog japanolo\u0161kog zbornika radova &#8220;Suvremena kretanja u izu\u010davanju japanskog jezika i kulture&#8221; (2023) u izdanju FF Press-a.  <\/p>\n\n\n\n<h2 class=\"wp-block-heading\"><\/h2>\n\n\n\n<h2 class=\"wp-block-heading\"><\/h2>\n\n\n\n<h2 class=\"wp-block-heading\"><\/h2>\n\n\n\n<h2 class=\"wp-block-heading\"><\/h2>\n\n\n\n<h2 class=\"wp-block-heading\"><\/h2>\n\n\n\n<h2 class=\"wp-block-heading\"><\/h2>\n\n\n\n<h2 class=\"wp-block-heading\"><\/h2>\n\n\n\n<h2 class=\"wp-block-heading\"><\/h2>\n\n\n\n<h2 class=\"wp-block-heading\"><\/h2>\n\n\n\n<h2 class=\"wp-block-heading\"><\/h2>\n\n\n\n<h2 class=\"wp-block-heading\"><\/h2>\n\n\n\n<h2 class=\"wp-block-heading\"><\/h2>\n\n\n\n<h2 class=\"wp-block-heading\"><\/h2>\n\n\n\n<h2 class=\"wp-block-heading\"><\/h2>\n\n\n\n<h2 class=\"wp-block-heading\"><\/h2>\n\n\n\n<h2 class=\"wp-block-heading\"><\/h2>\n\n\n\n<h2 class=\"wp-block-heading\"><\/h2>\n\n\n\n<ul class=\"wp-block-list\">\n<li><\/li>\n\n\n\n<li><\/li>\n\n\n\n<li><\/li>\n\n\n\n<li><\/li>\n\n\n\n<li><\/li>\n\n\n\n<li><\/li>\n\n\n\n<li><\/li>\n\n\n\n<li><\/li>\n<\/ul>\n\n\n\n<h2 class=\"wp-block-heading\"><\/h2>\n\n\n\n<h2 class=\"wp-block-heading\"><\/h2>\n\n\n\n<h2 class=\"wp-block-heading\"><\/h2>\n\n\n\n<h2 class=\"wp-block-heading\"><\/h2>\n\n\n\n<h2 class=\"wp-block-heading\"><\/h2>\n\n\n\n<h2 class=\"wp-block-heading\"><\/h2>\n\n\n\n<h2 class=\"wp-block-heading\"><\/h2>\n","protected":false},"excerpt":{"rendered":"<p>Iva Laki\u0107 Para\u0107 ro\u0111ena je u Zadru, gdje je zavr\u0161ila osnovnu\u00a0 \u0161kolu i gimnaziju op\u0107eg smjera. Diplomirala je japanski jezik i kulturu 2003. godine na Odsjeku za dalekoisto\u010dne jezike i kulture Sveu\u010dili\u0161ta Ca\u2019 Foscari u Veneciji. Nakon diplome, kao stipendistica MEXT programa japanske vlade, odlazi na dvogodi\u0161nje studijsko usavr\u0161avanje na Sveu\u010dili\u0161ta Geidai u Tokyu. Poslijediplomski [&hellip;]<\/p>\n","protected":false},"author":4,"featured_media":0,"parent":73,"menu_order":0,"comment_status":"closed","ping_status":"closed","template":"","meta":{"footnotes":""},"class_list":["post-205","page","type-page","status-publish","hentry"],"_links":{"self":[{"href":"https:\/\/japanologija.ffzg.unizg.hr\/index.php\/wp-json\/wp\/v2\/pages\/205","targetHints":{"allow":["GET"]}}],"collection":[{"href":"https:\/\/japanologija.ffzg.unizg.hr\/index.php\/wp-json\/wp\/v2\/pages"}],"about":[{"href":"https:\/\/japanologija.ffzg.unizg.hr\/index.php\/wp-json\/wp\/v2\/types\/page"}],"author":[{"embeddable":true,"href":"https:\/\/japanologija.ffzg.unizg.hr\/index.php\/wp-json\/wp\/v2\/users\/4"}],"replies":[{"embeddable":true,"href":"https:\/\/japanologija.ffzg.unizg.hr\/index.php\/wp-json\/wp\/v2\/comments?post=205"}],"version-history":[{"count":21,"href":"https:\/\/japanologija.ffzg.unizg.hr\/index.php\/wp-json\/wp\/v2\/pages\/205\/revisions"}],"predecessor-version":[{"id":1066,"href":"https:\/\/japanologija.ffzg.unizg.hr\/index.php\/wp-json\/wp\/v2\/pages\/205\/revisions\/1066"}],"up":[{"embeddable":true,"href":"https:\/\/japanologija.ffzg.unizg.hr\/index.php\/wp-json\/wp\/v2\/pages\/73"}],"wp:attachment":[{"href":"https:\/\/japanologija.ffzg.unizg.hr\/index.php\/wp-json\/wp\/v2\/media?parent=205"}],"curies":[{"name":"wp","href":"https:\/\/api.w.org\/{rel}","templated":true}]}}