{"id":12,"date":"2023-11-30T21:12:51","date_gmt":"2023-11-30T21:12:51","guid":{"rendered":"https:\/\/japanologija.ffzg.unizg.hr\/?page_id=12"},"modified":"2024-04-25T07:34:52","modified_gmt":"2024-04-25T07:34:52","slug":"o-katedri","status":"publish","type":"page","link":"https:\/\/japanologija.ffzg.unizg.hr\/index.php\/o-katedri\/","title":{"rendered":""},"content":{"rendered":"<h1 class=\"font_0 wixui-rich-text__text\" style=\"background: transparent; border: 0px; outline: 0px; padding: 0px; vertical-align: baseline; pointer-events: auto; font-size: 27px; line-height: normal; margin-block: 0px; margin: 0px; white-space-collapse: collapse; text-align: justify;\">Studij japanologije na Filozofskom fakultetu<\/h1>\n<h1 class=\"font_0 wixui-rich-text__text\" style=\"background: transparent; border: 0px; outline: 0px; padding: 0px; vertical-align: baseline; pointer-events: auto; font-size: 40px; line-height: normal; margin-block: 0px; margin: 0px; white-space-collapse: collapse; text-align: justify;\"><span class=\"wixui-rich-text__text\" style=\"background: transparent; border: 0px; margin: 0px; outline: 0px; padding: 0px; vertical-align: baseline;\"><span class=\"wixui-rich-text__text\" style=\"background: transparent; border: 0px; margin: 0px; outline: 0px; padding: 0px; vertical-align: baseline; font-family: 'times new roman', times, serif;\">\u200b<\/span><\/span><\/h1>\n<div>Japanski jezik se na Filozofskom fakultetu u Zagrebu mogao u\u010diti od 1995. godine u sklopu kolegija otvorenog za javnost. Studij japanologije je pak ustrojen kao slobodni studij i pridru\u017een Odsjeku za indologiju i dalekoisto\u010dne studije (danas Odsjek za azijske studije) odlukom Vije\u0107a Filozofskog fakulteta 2004. godine.<\/div>\n<div>Pravo upisa na slobodni studij imali su studenti ve\u0107 upisani u V. semestar nekog sveu\u010dili\u0161nog programa, kao i oni koji su ve\u0107 diplomirali. Studenti su, uz jezi\u010dne kolegije koji su se odr\u017eavali \u010detiri puta tjedno, slu\u0161ali i kolegije iz japanske povijesti, knji\u017eevnosti, kulture, suvremenog japanskog dru\u0161tva te japanskih religija i filozofija.\u00a0 Po zavr\u0161etku programa dobivali su certifikat s popisom svih obaveza i ocjena iz polo\u017eenih kolegija. Odre\u0111eni broj studenata svoj je studij nastavljao na Sveu\u010dili\u0161tu u Ljubljani ili raznim sveu\u010dili\u0161tima u Japanu.<\/div>\n<div>Osim nastavnih obaveza, Katedra za japanologiju ve\u0107 vi\u0161e od dvadeset godina u suradnji s Veleposlanstvom Japana i Hrvatskim dru\u0161tvom nastavnika japanskog jezika na Filozofskom fakulteta organizira provo\u0111enje Natjecanja iz govorni\u0161tva japanskog jezika (\u65e5\u672c\u8a9e\u30b9\u30d4\u30fc\u30c1\u30b3\u30f3\u30c6\u30b9\u30c8). Od svoga osnutka usko sura\u0111uje i s Japanskom fondacijom koja je svojim donacijama u vidu knjiga, organizacijom stru\u010dnih usavr\u0161avanja za nastavnike te podr\u0161kom u \u0161irenju nastavni\u010dkog kadra umnogome pomogla u odr\u017eavanju i ja\u010danju katedre.<\/div>\n<div>Slobodni studij japanologije je, nakon uspje\u0161no provedene akreditacije, od akademske godine 2024\/2025 preustrojen u redovni prijediplomski i diplomski dvopredmetni studij.<\/div>\n<div><\/div>\n<p>Vi\u0161e o povijesti katedre, te o novom prijediplomskom i diplomskom studiju, mo\u017eete saznati na poveznicama:<\/p>\n<p><a href=\"https:\/\/openbooks.ffzg.unizg.hr\/index.php\/FFpress\/catalog\/view\/170\/286\/12238\">https:\/\/openbooks.ffzg.unizg.hr\/index.php\/FFpress\/catalog\/view\/170\/286\/12238<\/a><\/p>\n<p><a href=\"https:\/\/openbooks.ffzg.unizg.hr\/index.php\/FFpress\/catalog\/view\/170\/286\/12239\">https:\/\/openbooks.ffzg.unizg.hr\/index.php\/FFpress\/catalog\/view\/170\/286\/12239<\/a><\/p>\n","protected":false},"excerpt":{"rendered":"<p>Studij japanologije na Filozofskom fakultetu \u200b Japanski jezik se na Filozofskom fakultetu u Zagrebu mogao u\u010diti od 1995. godine u sklopu kolegija otvorenog za javnost. Studij japanologije je pak ustrojen kao slobodni studij i pridru\u017een Odsjeku za indologiju i dalekoisto\u010dne studije (danas Odsjek za azijske studije) odlukom Vije\u0107a Filozofskog fakulteta 2004. godine. Pravo upisa na [&hellip;]<\/p>\n","protected":false},"author":3,"featured_media":0,"parent":0,"menu_order":1,"comment_status":"closed","ping_status":"closed","template":"","meta":{"footnotes":""},"class_list":["post-12","page","type-page","status-publish","hentry"],"_links":{"self":[{"href":"https:\/\/japanologija.ffzg.unizg.hr\/index.php\/wp-json\/wp\/v2\/pages\/12","targetHints":{"allow":["GET"]}}],"collection":[{"href":"https:\/\/japanologija.ffzg.unizg.hr\/index.php\/wp-json\/wp\/v2\/pages"}],"about":[{"href":"https:\/\/japanologija.ffzg.unizg.hr\/index.php\/wp-json\/wp\/v2\/types\/page"}],"author":[{"embeddable":true,"href":"https:\/\/japanologija.ffzg.unizg.hr\/index.php\/wp-json\/wp\/v2\/users\/3"}],"replies":[{"embeddable":true,"href":"https:\/\/japanologija.ffzg.unizg.hr\/index.php\/wp-json\/wp\/v2\/comments?post=12"}],"version-history":[{"count":14,"href":"https:\/\/japanologija.ffzg.unizg.hr\/index.php\/wp-json\/wp\/v2\/pages\/12\/revisions"}],"predecessor-version":[{"id":998,"href":"https:\/\/japanologija.ffzg.unizg.hr\/index.php\/wp-json\/wp\/v2\/pages\/12\/revisions\/998"}],"wp:attachment":[{"href":"https:\/\/japanologija.ffzg.unizg.hr\/index.php\/wp-json\/wp\/v2\/media?parent=12"}],"curies":[{"name":"wp","href":"https:\/\/api.w.org\/{rel}","templated":true}]}}